 Let p be a(-4). Let u = 34 + -21. What is the remainder when i(p) is divided by u?
10
Calculate the remainder when (-4425)/(-20) - -22 - (26/8 - 3) is divided by 75.
18
Suppose 663 = -69*a + 3009. Calculate the remainder when 530 is divided by a.
20
Let s(f) = -4*f**2 - 22*f + 8. Let c be s(-5). Let u(w) = w**3 - 16*w**2 - 23*w - 16. What is the remainder when u(c) is divided by 25?
18
Suppose 50*w - 887 - 1363 = 0. Calculate the remainder when 309 is divided by w.
39
Let z(k) = 8*k - 1. Suppose -11*a = -a - 180. Suppose a = -w + 21. Calculate the remainder when z(1) is divided by w.
1
Suppose -5*a + 3773 = -n, -3014 = -4*a - n + 4*n. Suppose 743*f + 2124 = a*f. Calculate the remainder when f is divided by 13.
8
Let q(a) = -a**3 - 19*a**2 + 8*a - 138. What is the remainder when 1119 is divided by q(-20)?
99
Let z = -10996 + 11315. Calculate the remainder when 1590 is divided by z.
314
Let q = -27 - -27. Suppose 4*y + y - 6 = -3*v, q = 5*v - 10. Let z(b) = b + 230. Calculate the remainder when z(y) is divided by 33.
32
Suppose 5*d - f - 100 = 96, 5*d + 3*f = 192. Suppose 24*k = d*k - 555. Calculate the remainder when 109 is divided by k.
35
Let j = -130 + 151. Suppose -15*p + j*p = 120. Calculate the remainder when 273 is divided by p.
13
Let r = 19 - 11. Let p = -680 + 692. Calculate the remainder when p is divided by r.
4
Let t(y) = 11*y**2 - 34*y - 1. Let i be t(3). Let f(o) = -o**3 - 2*o**2 - 3*o - 1. What is the remainder when 66 is divided by f(i)?
23
Suppose t - 103 + 14 = 0. Calculate the remainder when 118 is divided by t.
29
Suppose 40*o - 25*o = -82*o + 272182. What is the remainder when o is divided by 9?
7
Suppose -15*b + 181 = 151. What is the remainder when ((-1*b)/(-2))/(174/27318) is divided by 80?
77
Let l(s) = s + 8. What is the remainder when (-44)/(-33)*(29/(-2))/(1/(-3)) is divided by l(4)?
10
Let t(z) = -z**2 - 115*z - 2924. Calculate the remainder when t(-63) is divided by 338.
14
Suppose 75 - 371 = -6*n - 4*a, -3*a = -5*n + 291. Calculate the remainder when 62 is divided by n.
8
Suppose 0 = 5*x - 10*x - 15. Let w(v) = 210*v + 17647. Calculate the remainder when x/(-12) + 107/4 is divided by w(-84).
6
Suppose 2 + 0 = -3*q - 5*f, 0 = -q + f + 2. Let i be 2 - q - (14 - 13). What is the remainder when 99 is divided by (-9)/3*(68/(-12) + i)?
14
Let q be 2*(45/(-2) - 2). Let j = q - -39. What is the remainder when 32 is divided by 3/(-5) + (-76)/j?
4
Let j = 1043 + -1033. Suppose -10*p = -6*p + 84. What is the remainder when (-1015)/p + 2/3 is divided by j?
9
Suppose 35*f + 5*f = -13*f + 28991. What is the remainder when f is divided by 30?
7
Let d = -26 + 11. Let q be (5/d*-6)/1. Suppose -t + 66 = -4*x, t - 61 = -3*x + q*x. What is the remainder when t is divided by 11?
7
Let g(i) = -i**3 + 5*i**2 + 9*i - 2. Calculate the remainder when (-5)/2*(-11 - 516/(-60)) + 36 is divided by g(6).
10
Let o = -14422 - -14756. What is the remainder when o is divided by 35?
19
Let o(x) = 2 - 2*x**2 - 402*x - 416*x + 802*x. What is the remainder when 36 is divided by o(-7)?
4
Suppose -5*j - 4*h + 2346 = 542, 0 = 3*j - 3*h - 1050. Calculate the remainder when 2839 is divided by j.
347
Suppose r + 14 + 8 = 3*z, 3*r + 42 = 5*z. Let w = -15 + z. Calculate the remainder when 388/5 - w/(-15) is divided by 20.
17
Let b(t) = -t**3 + 13*t**2 - t + 17. Let v be b(13). Suppose -v*n + 1077 - 345 = 0. Calculate the remainder when n is divided by 24.
15
Let c = -3062 - -3077. What is the remainder when 2892 is divided by c?
12
Suppose -j - 112 = o - 327, 0 = 4*j - o - 880. Suppose d + j = 4*i, 4*i - 5*d + d = 204. What is the remainder when 389 is divided by i?
53
Suppose p + 3*r = 3, 3*p = -r - 6 + 23. Suppose 13*l + 3*l = 6*l + 780. Calculate the remainder when l is divided by (p/(-6))/(1/(-27)).
24
Let y(n) = -n**2 + 18*n - 41. Let x be y(15). Suppose 5*j + 4 = -4*t + 396, 0 = -t - x*j + 109. Calculate the remainder when t is divided by 26.
15
Let w = -7982 + 9861. Calculate the remainder when w is divided by 41.
34
What is the remainder when ((-30)/(-4))/((-9)/(-156)) - (-60 - -54) is divided by (1 + -2)*1*-49?
38
Let x(w) = -6*w**3 - 17*w**2 - 69*w - 60. Calculate the remainder when x(-10) is divided by 12.
10
Let t(b) = -20*b**2 - 565*b - 35. What is the remainder when 296 is divided by t(-28)?
86
Let d(v) = 84*v**3 - 4*v**2 - v. Calculate the remainder when d(1) is divided by 22.
13
Let r(x) = x**3 + 6*x**2 - 20*x + 4. Suppose 2*d - 81 = -2*d + 3*f, f + 3 = 0. Let w = -26 + d. What is the remainder when r(w) is divided by 10?
6
Suppose 116*s + 15845 = 8*s + 41441. What is the remainder when 477 is divided by s?
3
Suppose 1 = -62*s + 61*s + 2*n, -5*s + 9 = 4*n. Let o(x) = 181*x - 24. Calculate the remainder when o(s) is divided by 294/15 + 4/10.
17
Let g = -39 - -141. Let x(r) = r**3 + 22*r**2 + 79*r + 4781. Calculate the remainder when g is divided by x(-26).
10
Let a = 866 + -501. Suppose 1431*u - 20 = 1429*u. Calculate the remainder when a is divided by u.
5
Let v = 7 - 1. Let b be (-9)/(-2) + 3/v. Suppose -b*s = s - 168. Calculate the remainder when 109 is divided by s.
25
Suppose -5*c = k - 1571, -211 - 420 = -2*c - 3*k. Calculate the remainder when c is divided by 16.
10
Let p = 3003 - -3469. Calculate the remainder when p is divided by 13.
11
Suppose 63*n - 4495 = 230. Calculate the remainder when 248 is divided by n.
23
Let z = -5822 + 6809. Calculate the remainder when z is divided by 43.
41
Calculate the remainder when 14/4*(-196416)/(-1848) is divided by 358.
14
Suppose -87*h + 1073 = -232. Let o(z) = -z**3 + 3*z**2 - 6*z - 2. What is the remainder when o(-4) is divided by h?
14
Let x(q) = -3986*q - 1974. Calculate the remainder when x(-2) is divided by 20.
18
Suppose -5*v + 3*x = -44, -x = -4*v + 2*x + 34. Let z be 322 + v/5*-2. Suppose -4*r + 7*r = z. Calculate the remainder when r is divided by 12.
10
Suppose -179*b + 94 = -178*b. Let i be 2/(-10) - (-63)/(-35). Let l(g) = -11*g - 3. Calculate the remainder when b is divided by l(i).
18
Let i be 3/2 - 1635/(-10). Let c = i - 120. Calculate the remainder when 89 is divided by c.
44
Suppose -4*p + 42 = -l, l = -2*p + 17 + 1. Calculate the remainder when 27 is divided by p.
7
Let h(i) = i**2 + 25*i + 152. Let y be h(-16). Suppose 50 + y = 29*q. Calculate the remainder when 48 is divided by q.
0
Let y = 17 + 5. Let o = 273 + -259. What is the remainder when y is divided by o?
8
Suppose 38 = -3*i + 530. What is the remainder when 833 is divided by i?
13
Suppose -372*j + 7476 = -360*j. Calculate the remainder when j is divided by 215.
193
Let u(c) = 6*c**2 - 4*c - 107. Let s be u(-9). Let m = s - 375. Calculate the remainder when m is divided by 25.
15
Suppose 1568 = 4*g - 4*c, 4*g - 1429 = 2*c + 133. Let s = 397 - g. Let d(a) = 2*a**2 + 5*a - 5. What is the remainder when d(-6) is divided by s?
5
Calculate the remainder when ((-183)/305)/(2/(-1240)) is divided by 150.
72
Let k(c) be the first derivative of 38*c**2 + 14*c - 77. What is the remainder when k(2) is divided by 56?
54
Suppose 8*o = 52*o + 132. Calculate the remainder when (84/o)/(20/(-30)) is divided by 25.
17
Let l be 18/(-27)*11*(-2 + 8). Let b = 87 + l. What is the remainder when b is divided by 16?
11
Let t = 37 - -13. Suppose 52*j - 4376 - 5816 + 2444 = 0. Calculate the remainder when j is divided by t.
49
Let h = 72 - 54. Suppose 5*j - 2 = h. Suppose 3*r - j*r + 2*p + 69 = 0, 4*p - 336 = -4*r. Calculate the remainder when r is divided by 41.
38
Suppose 4*b - 6*b + 5*t = 14, -3 = 3*b - 3*t. Suppose -94 = -b*f + 20. Calculate the remainder when f is divided by 3.
2
Suppose -3*l + l + 880 = 3*a, 0 = -a - 4*l + 310. Suppose a = 2*h + 260. What is the remainder when -1 + 1 + 0 + 44 is divided by h?
14
Suppose -8 = 5*g - 98. Let w(t) = -13*t + 1219. Calculate the remainder when w(87) is divided by g.
16
Suppose -4*b - 12 = 0, -2*d - 5*b = -4*d + 91. Let r = 195 + -194. Let z(y) = 151*y**2 - 4*y. What is the remainder when z(r) is divided by d?
33
Suppose 2*k - 12*j + 10*j = 232, 5*j - 540 = -5*k. Calculate the remainder when k is divided by 10.
2
Let m(y) = -7*y**2 - 12*y - 6. Let n be m(-5). Let g = 125 + n. Calculate the remainder when 20 is divided by g.
0
Suppose 3*o - 4*l + 217 = -219, 0 = -5*o - 3*l - 688. Let z = o 